/((-47)/4)). Suppose -3643 = -32*q + a. List the prime factors of q.
3, 59
Suppose 2795*m - 158472 = 2789*m. What are the prime factors of m?
2, 3, 31, 71
Let f be (7/(-14))/((-1)/(-4))*-439. Suppose 0 = 8*z + f - 2982. List the prime factors of z.
263
Let c(p) = 1478*p + 227. List the prime factors of c(7).
97, 109
Let z be (-12 - -7 - 34)*(1 - 17). Let s = z - 326. List the prime factors of s.
2, 149
Let h(f) = -2*f**3 - 68*f**2 - 625*f - 51. List the prime factors of h(-24).
3, 127
Let c be (-1)/4 - (-78)/24. Suppose 0 = -5*g + c*g. Suppose g*k + 3*k - 219 = 0. What are the prime factors of k?
73
Let w(f) be the first derivative of -f**3/3 + 3*f**2/2 + 19*f + 22. Let x be w(8). What are the prime factors of (-6 - 72/x)/(3/(-70))?
2, 3, 5
Let z be (-15)/(-15)*(10 + 2). Suppose 0 = -4*h - z, 5*o + 5*h - 1504 = 8*h. List the prime factors of o.
13, 23
Let b be 12 - 1 - (3 + -1). Let a(r) be the first derivative of r**3 - 3*r**2 + 5*r - 1658. What are the prime factors of a(b)?
2, 97
Suppose 2*j - 9076 = 5*u + 625, -3*u + 19363 = 4*j. List the prime factors of j.
29, 167
What are the prime factors of (4/3)/(-4) - 5240/(-60)?
3, 29
Let o(w) = 174*w**3 + 3*w**2 - 5*w + 2. Suppose 5*i - 5*a = 15, -2*i = 3*i - 2*a - 9. What are the prime factors of o(i)?
2, 3, 29
Let p(m) = 363*m + 61717. What are the prime factors of p(0)?
61717
Let g(c) = 59*c + 7978. What are the prime factors of g(0)?
2, 3989
Suppose 48*b = 49*b - 6472. What are the prime factors of b?
2, 809
List the prime factors of (156 + -6)/(5*(-12)/(-4960)).
2, 5, 31
Let g be ((-33)/(-6) + -4)*16. Let d(y) = -g*y - 15*y + 9 - 9*y. List the prime factors of d(-2).
3, 5, 7
Suppose -24 = -5*b - 14. Suppose -4*f = 5*t - 0*t - 17, b*f - 3 = 3*t. Suppose -4*g = -f*v + 143 - 716, 3*v + 132 = g. List the prime factors of g.
3, 7
Let o be (-16)/(-112) + (-1835)/7. Let z be o/(-8) - (-6)/24. Suppose v - z - 39 = 0. List the prime factors of v.
2, 3
Let l(n) = 7*n + 786. List the prime factors of l(-24).
2, 3, 103
Suppose -2*l + 2*z + 37292 = -5848, z = 5*l - 107870. What are the prime factors of l?
5, 863
Suppose -4*u = 2*x - 127818, 4*x - 3*u = 94023 + 161514. What are the prime factors of x?
3, 31, 229
List the prime factors of (-321)/(-15 + (-9016)/(-602)).
3, 43, 107
Let c be 1131/7 - ((-18)/7)/6. Let m = 145 + c. List the prime factors of m.
307
Suppose 5699 = 4*t + 1315. Suppose -t = -9*d + 8120. What are the prime factors of d?
2
Let n(k) be the third derivative of 17*k**5/60 + 5*k**4/24 - 5*k**3/3 + 5*k**2 - 5. What are the prime factors of n(4)?
2, 3, 47
Let h = -11840 - -29909. What are the prime factors of h?
3, 19, 317
Let j(o) = o**3 + 4*o**2 - 12*o + 4. Let c be j(-6). Suppose -28 = -c*k - 4*y, 2*k = k - 2*y + 12. Suppose 0 = -k*w - 15 + 115. List the prime factors of w.
2, 5
Let l = 7481 + 525. List the prime factors of l.
2, 4003
List the prime factors of (-11)/10 + (-12)/30 + (-80535)/(-14).
3, 71
Let c be (1 + (-23)/(-4))*3068/177. Let m be (-277)/5 - (-2)/5. Let r = m + c. What are the prime factors of r?
2, 31
Let x(m) = 6*m**3 - 11*m**2 + 7*m - 16. Let f(i) = i**3 + i + 1. Let z(h) = -3*f(h) + x(h). Let a be z(8). Suppose 5*s = -0*s + a. List the prime factors of s.
13
Suppose -2*f = 8*f - 30. Suppose 5*q - 475 = 3*q + 3*u, 5*u + 710 = f*q. What are the prime factors of q?
5, 7
Let i(p) = p**3 + 0*p + 3 - 2*p**2 + 0*p + 3 - 7*p. Suppose -s - 9*s = -40. List the prime factors of i(s).
2, 5
Let a be (5 + -5)*(-1 + 8/4). Suppose a = 19*k + 3*k - 19250. What are the prime factors of k?
5, 7
Let f be (-2)/(-10) + (-116)/(-20) - 1. Suppose -2*o = -f*o + j + 120, 0 = 4*o + 3*j - 160. List the prime factors of (-3*(-4)/8)/(3/o).
2, 5
Let j be (-14)/(-12)*(-19 - -11)*6. Let c = 271 + j. What are the prime factors of c?
5, 43
Let g = -44 - -49. Suppose 5*h - g*j - 30 = 0, -h + 3*j = h - 15. Suppose 4*n = p + 501, 0 = n + n + h*p - 247. What are the prime factors of n?
5
Let x(d) = 9*d - 7. Let a be x(1). Suppose 0 = -0*v + 5*v - 3*f - 2812, -a*v + 3*f + 1123 = 0. List the prime factors of v.
563
Suppose -5*o = 4*c - 187 + 2783, -4*c + 3*o = 2628. Suppose -5*v - 2*s + 0*s - 1815 = 0, 0 = -4*s. Let i = v - c. List the prime factors of i.
3, 97
Suppose 0 = 2*z, -4*x + 4*z + 1384 = 2*z. Let g(k) = -13 + k**2 + 347*k - x*k + 0. What are the prime factors of g(13)?
13
Suppose -5*l + 8 = -u, 24 = 3*u + 5*l - 12. Suppose -9*y = -u*y. Suppose 2*k - 5*n - 57 = k, y = 4*k - 5*n - 288. List the prime factors of k.
7, 11
Suppose -32444 + 5301 = -4*a - 3*o, 0 = -3*o + 15. List the prime factors of a.
2, 3391
Let d be (-28)/2*1*-2. Let n = 43 + -35. Let x = n + d. List the prime factors of x.
2, 3
Suppose 182*k - 5648459 - 6665297 = 0. What are the prime factors of k?
2, 33829
Let f(b) = 1007*b**3 + 2*b**2 + 1. Let k be f(1). Suppose 7*o + 2*i - 786 = 3*o, -3*i - k = -5*o. Suppose 5*c = o + 196. List the prime factors of c.
79
Suppose 0 = -2*j + 3*h - 649, 3*j - 5*h + 657 = -314. What are the prime factors of j/415 - (1 - (-5589)/(-5))?
2, 3, 31
Let a(f) = f**3 + 15*f**2 - 17*f - 22. Let z be a(-11). Suppose -4*k = 7*k + z. Let s = 177 + k. What are the prime factors of s?
2, 59
What are the prime factors of 50776/7 + 13/364*8?
2, 3, 13, 31
Let i(r) = 691*r + 14. Let u be (-1*5)/(7 - (6 - -6)). List the prime factors of i(u).
3, 5, 47
Suppose 0 = -h + 1653 + 1886. Suppose 0 = -16*p - h + 1251. What are the prime factors of (-11)/22 + p/(-4)*2?
71
Suppose -5*q = -4*b + 20, 12*b - 7*b - q = 46. Suppose -b*z + 22123 = 3073. List the prime factors of z.
3, 5, 127
Let i(m) = 12*m**2 + 13*m + 28. Let z be i(16). Suppose 7*g = 2*g - 2*j + z, 0 = g - 4*j - 666. List the prime factors of g.
2, 331
Let o(j) = 18*j**2 + 20*j + 180. List the prime factors of o(16).
2, 1277
Let k be -1 - 0 - ((-174 - -6) + 0). Let i = 1062 + k. List the prime factors of i.
1229
List the prime factors of 12/44 + 178696/77.
11, 211
Let i(v) = 42*v**2 + 2*v + 5. Let a be (76 + -6)*2/(-4). Let q = a - -33. List the prime factors of i(q).
13
Suppose -4*a + 3*a - 3*g + 54 = 0, 0 = -a - 2*g + 59. Let d = a - -86. Suppose 4*f + 3*u = 3*f + d, -789 = -5*f - u. What are the prime factors of f?
2, 79
Let p = -1622 + 3149. Suppose 0 = 5*d - 4*n - 3852, 2*d + 12*n - 9*n = p. List the prime factors of d.
2, 3
Suppose 50 = 9*u - 58. Let j be u*(0 - 4/(-6)). Suppose 7*v = j*v - 237. What are the prime factors of v?
3, 79
Let x = 104 - 102. Let l(d) = 5*d**2 - 4*d - 7. Let m be l(7). What are the prime factors of m*x/3 - -1?
3, 47
Let v(n) = 3*n**2 - 2*n - 3. Let y(r) = r**3 - 6*r**2 - r + 13. Let x be y(6). Let s be v(x). Suppose 99*t = 101*t - s. List the prime factors of t.
5, 13
Suppose u - f = -2, -4*f + 8 = -2*u - 0*f. Suppose l - 2*k - 11 = u, 5 = -4*l - 5*k - 3. Suppose l*c - 2*c = 94. What are the prime factors of c?
2, 47
Let n = -3694 - -3787. List the prime factors of n.
3, 31
Let b be ((-24)/16)/(((-18)/(-5152))/(-3)). Suppose -784 = -3*v - 5*n, 2*v - n = -3*v + b. Let d = -158 + v. List the prime factors of d.
2, 5
Let r(h) be the third derivative of h**4/12 - h**3 - 19*h**2. Let t be r(4). Suppose -6*w + 15 = -w, 0 = -2*v - t*w + 100. List the prime factors of v.
47
Suppose s = 288 + 1007. Suppose -4*t + 0*t = d - 436, -t - s = -3*d. What are the prime factors of d?
2, 3
Suppose 0 = 3*v + x - 23078, 97*x - 7686 = -v + 98*x. What are the prime factors of v?
7691
Let g = 7121 + -1270. What are the prime factors of g?
5851
Let a be 2/(-3) + (2 - (-35)/(-15)). Let y be -3 - -4 - (-1016)/4. List the prime factors of a/((-1)/(-3) - y/738).
2, 41
Let z be (-17 + 0)*-4 - (-2 - 0). Let x = -1 + z. Suppose -d = 2*d - x. What are the prime factors of d?
23
Let l(m) = 8*m - 6. Let t be l(3). Let u(o) = o**3 - 16*o**2 - 14*o + 32. What are the prime factors of u(t)?
2, 107
Suppose 3*t - 11534 = -5*j - 179, 0 = -2*t + 3*j + 7608. What are the prime factors of t?
3, 5, 11, 23
Let z be (5 - 4) + -4*1/(-2). Suppose -3*r - z = -78. Suppose f + t - 121 = 0, 14*t = 9*t - r. List the prime factors of f.
2, 3, 7
Let y be (-1685 - -8)*-1 + 5. Suppose -1256 = -2*g + y. List the prime factors of g.
13, 113
Let h(b) = 379*b - 1603. List the prime factors of h(20).
43, 139
Let a = 41325 - 20522. What are the prime factors of a?
71, 293
Let b(d) = 6*d + 18